q - 2. Let c(m) = -2*m**2 - 79*m - 44. Let k = -239 - -200. Let p be c(k). Determine i(p).
-12
Let b(d) = d + 9. Let u(r) = -7. Let y(t) = -b(t) - 2*u(t). Let f(p) = -p**3 - 13*p**2 - 14*p. Let w be f(-12). Suppose w*a = 19*a + 20. What is y(a)?
1
Let u = -31 - 21. Let l = -57 - u. Let f(h) be the first derivative of 2*h**2 - 2*h + 59. What is f(l)?
-22
Let s(d) = -6*d**2 - 4*d - 10. Let t(o) = -5*o**2 - 4*o - 9. Let k(m) = 6*s(m) - 7*t(m). Let c be 5 - 0*(-14)/(-42). What is k(c)?
-2
Let j(y) = -13*y**2 + 16*y - 5*y**2 - 6555386 + y**3 + 6555404. Give j(17).
1
Let y(t) be the second derivative of -11/20*t**5 + 2 + 1/2*t**2 + 22*t + 1/12*t**4 - 1/3*t**3. Give y(1).
-11
Let c be (-70)/(-22) + (-12)/66. Let p(i) = -329*i - 330*i + 990*i - 326*i. Determine p(c).
15
Suppose -5*j = -5*u - 40, 21*u - 10 = -2*j + 20*u. Let s(o) = 3*o**2 - 6*o + 15. Determine s(j).
87
Let f(a) = -10*a + 20. Let x be f(-6). Let c = 82 - x. Let z(m) = -3 + 4*m**3 - m**3 - 2*m - 10*m**3 + 6*m**3 - 6*m**c. Give z(-5).
-18
Suppose -659*x + 436*x = -2230. Let o(p) = p**3 - 6*p**2 - 40*p - 1. Calculate o(x).
-1
Let u = 175 + -101. Let k = 82 - u. Suppose -20 = -5*c, -x - k = -3*x - c. Let v(w) = -2*w**3 + w - 2. What is v(x)?
-16
Let q(b) = 3*b**3 - 32*b**2 + 23*b + 20. Suppose -53*w + 54*w = 17. Let v(y) = y**3 - 11*y**2 + 8*y + 7. Let u(m) = w*v(m) - 6*q(m). Determine u(5).
-11
Let f(t) be the second derivative of t**3/6 + 9*t**2/2 - 1459*t - 1. Determine f(-24).
-15
Suppose 10*r = 37 + 33. Suppose -r*d + 4*d = 5*h + 31, -5*d - 10 = 0. Let s(k) be the third derivative of k**4/24 + k**3/6 + k**2. Determine s(h).
-4
Let k(c) = -65424 + c**2 - 11*c + 65417 + 0*c. Let j be 10 + 0 + 3/3. Give k(j).
-7
Let g(i) = -i**2 - 6*i - 30. Let u be (-2 - (-2 + 1))*21*6/9. What is g(u)?
-142
Let n(i) = -i + 10. Let m(h) = -h**2 + 11*h - 10. Let s be m(9). Let r(v) = -v + 11. Let t be r(s). Let c be (-2)/t*(-21 + 6). Give n(c).
0
Let r(i) = -i**2 + 5*i - 3. Suppose -2*z - p = -243, -z = 4*p + 18 - 136. Let w = z + -118. Determine r(w).
1
Let y = 23 + -27. Let r(j) = -4*j**3 - 4*j**2 + 4*j + 5. Let h(q) = q**3 - q - 2. Let t(v) = -3*h(v) - r(v). Calculate t(y).
5
Let q(z) be the third derivative of 7*z**5/60 + z**4/2 - 17*z**3/6 + 59*z**2. Let p(x) = 3*x**2 + 6*x - 8. Let k(l) = 5*p(l) - 2*q(l). Give k(-7).
1
Let o(z) be the third derivative of 0*z + 8*z**2 + 1/12*z**4 + 4/3*z**3 + 0. Suppose 0 = 2*l + 15 + 1. What is o(l)?
-8
Let f(s) = 4*s**3 - s**2. Let h be 8 - (37/9 + (-15)/135). Let q(r) = -3*r + 15 - 4 + h*r + 14. Let j be q(-26). Give f(j).
-5
Let h(t) be the first derivative of -t**4/4 - 14*t**3/3 + 16*t**2 + 2*t - 6079. Give h(-16).
2
Let o be 258 + (28/16 - (-24)/(-32)). Suppose 0 = 4*p - o + 287. Let m(c) = c**3 + 7*c**2 + 6*c + 9. Determine m(p).
-33
Let i(m) be the first derivative of -m**3/3 - 7*m**2/2 - 5*m - 1. Let h(b) = 176*b - 32391. Let o be h(184). Determine i(o).
-5
Let k(y) = 147*y + 159*y + 4*y**2 + 145*y + y**3 - 463*y - 31. What is k(-5)?
4
Suppose -3*z + 103 = 5*u, z + 4*u + 31407 = 31481. Let s(m) = 8*m + 2*m - 3*m - m**2. Determine s(z).
6
Let s(m) = 5*m - 4. Let z(g) = 7*g + 25. Let c be z(-2). Let y(l) = 26*l - 19. Let p(n) = c*s(n) - 2*y(n). Determine p(5).
9
Let c = 23097 - 23102. Let u(t) = 57*t + 278. Calculate u(c).
-7
Let p(s) = s**3 + 2*s**2 + s + 2. Let j be p(-1). Let n(r) = -21 - r**3 + 318*r**j - 155*r**2 - 145*r**2 + r. What is n(18)?
-3
Let q(g) = 5*g**2 + 8*g - 43. Let h be q(-5). Let v(u) = 38*u**2 - 161*u + 2 + 164*u - h*u**2. Give v(-2).
-20
Let n(u) = 7*u - 16 - 4 + 5*u - 3*u**2 + 17*u - 18. Determine n(8).
2
Let l(i) = -2*i**3 - i**2 - i + 1. Let q be l(1). Let s(m) be the third derivative of -m**4/24 - m**3/6 - 3*m**2. What is s(q)?
2
Let g(c) = -2*c + 2. Suppose 4*f = -4, 12*f - 13*f = -u + 5. Give g(u).
-6
Let w(m) be the first derivative of 3*m**2/2 + m + 11. Let c = -23 - -27. Suppose -6 = c*z + 14. Calculate w(z).
-14
Let v be (-1 - 0)/(5 - 4). Let x be 16/(-24)*3/v. Let j(y) be the first derivative of -y**2/2 + 29. What is j(x)?
-2
Let w(d) = 53*d - 35. Let p(t) = 27*t - 1. Let l(v) = 2*p(v) - w(v). Let i = -5 + 5. What is l(i)?
33
Let a(l) = -l**2 - 6*l - 5. Let x be (-1014)/72 + 3/36. Let c be (((-16)/x)/((-30)/(-105)))/(-1). Give a(c).
3
Suppose 6*s = 4*x + 4*s + 12, -6 = x - 2*s. Let f(b) be the third derivative of -b**6/120 + b**4/6 + b**3/2 - 4748*b**2. Give f(x).
3
Let u(b) = -9*b + 69. Let v be (3/(-2))/(-3) + 102/12 + -1. Calculate u(v).
-3
Let k(r) be the second derivative of r**5/20 - r**4/12 + r**3/6 + 21*r**2/2 + 106*r + 1. Let m(v) = 2*v - 28. Let p be m(14). Calculate k(p).
21
Let j(i) = -i**3 - 9*i**2 - 2538 + 4*i + 0*i**3 + 2587. Give j(-9).
13
Let f be (-4)/((-4)/3) + 1. Suppose -h = 2*i - 87, -4*h + h + 221 = -4*i. Let m(a) = -h + 2*a**2 + 81 + 98*a - 103*a. Give m(f).
14
Suppose 3*q = -0*q + 24. Let r(a) be the first derivative of a**2 - 8*a - 753. What is r(q)?
8
Let o(j) = -4*j - 163. Suppose -11*r + 106 = -2*v, 5*v + 6*r + 212 = 7*r. Determine o(v).
5
Let u(d) = 17*d**2 - 12*d + 1. Let w(z) = z**2 + 73*z - 1529. Let i be w(17). Give u(i).
6
Let t(f) = -12 + 1659*f - 2*f**3 + 3*f**3 - 23*f**2 - 825*f - 834*f. Determine t(23).
-12
Suppose -4*d + 4 = 0, -101*i + 100*i - 2*d = -25. Let g(p) = -p**3 + 22*p**2 + 22*p + 15. Determine g(i).
-8
Let b(z) = -7*z**3 + 31*z**2 + 29*z - 34. Let j(i) = 9*i**3 - 33*i**2 - 31*i + 36. Let u(d) = -5*b(d) - 4*j(d). Give u(-22).
4
Let r = -71 - 6. Let b be (-6)/14 + 275/r - 0. Let d(m) be the third derivative of m**5/60 + m**4/8 - m**3/6 - 8*m**2. What is d(b)?
3
Let k(h) = 9456*h - 540 - 9462*h + 585. What is k(10)?
-15
Suppose 2*c = -4 + 14. Suppose 4*h = 4*t + 312, -3*t = -4*h + 5*h - 82. Let k(g) = -84*g + 0 + g**2 + h*g - 2 - 2. Give k(c).
-4
Let u(y) = -146*y - 16. Let s(w) = -35*w - 4. Let m(p) = -25*s(p) + 6*u(p). Let r be (15 + -1)*2/4. Calculate m(r).
-3
Suppose 9*v - 42 = -28*v + 69. Let t(q) be the second derivative of q**5/20 - q**4/6 - q**3/3 - q**2/2 + q. What is t(v)?
2
Let t(v) = -9*v + 113. Let o be t(12). Suppose o = -5*u + 10. Let p(g) = 3*g**3 + 2*g**2 - 1. Calculate p(u).
4
Let o(a) = -a - 10. Let s(i) = -6*i - 41. Let t(w) = 5*o(w) - s(w). What is t(13)?
4
Let w(u) be the third derivative of -u**7/840 + u**6/45 - u**5/40 - u**4/12 + 77*u**3/6 - 77*u**2. Let q(i) be the first derivative of w(i). Calculate q(7).
26
Suppose -z = -2*k - 6, -22 = -5*k + z - 43. Let w(d) = 49*d + 51*d + d**2 - 92*d + 5. Calculate w(k).
-10
Let k(q) = -4*q**3 - 10*q**2 + 26*q + 17. Let v(n) = 11*n**3 + 29*n**2 - 76*n - 53. Let b(t) = 8*k(t) + 3*v(t). Determine b(-9).
-5
Let h = -59 - -64. Let t be -1*4 + (h - -17). Suppose 2*u = -t + 6. Let q(c) = -c**3 - 7*c**2 - 4*c + 7. Calculate q(u).
-5
Let c = 33 - 31. Let k(d) = 0*d**2 - 9*d**3 + 1 - d + 0*d**c - 2*d**2 + 8*d**3. Let n = 51 - 53. Calculate k(n).
3
Let w be (70/(-140))/((-1)/34 + 0). Let o(j) = j**3 + 8*j**2 - 3*j - 7*j**2 - w + 16. Give o(-3).
-10
Let h(s) be the first derivative of 1/4*s**4 + s + 14/3*s**3 + 13/2*s**2 + 150. Determine h(-13).
1
Let u(l) be the second derivative of -l**5/20 - 5*l**4/12 + l**3/6 + l**2 - 2719*l. What is u(-6)?
32
Let p = 58772 + -22964. Let c(f) = 7 + 35808*f**2 + f**3 - p*f**2. Let y = 5 - 5. What is c(y)?
7
Let j = 2413 + -2414. Let x(a) = 35*a**2 - a + 1. Give x(j).
37
Suppose -5*f = -7*f + 6. Let m(i) be the first derivative of -2*i - 10 + 2/3*i**3 - 3/2*i**2. What is m(f)?
7
Let b(s) = -12*s**2 + 12*s - 2. Let m be b(3). Let x be m/(-6) + (-3)/9. Let o(z) = -z**3 + 11*z**2 + 13*z - 10. Calculate o(x).
2
Let l(j) be the third derivative of 27*j**6/40 + j**4/24 - j**3/6 + 71*j**2 + 8. Give l(1).
81
Let h(p) = p**2 + p**3 + 4 + 803*p + 809*p - 1629*p - 3. What is h(0)?
1
Let l(w) = 2 + 2*w + 1 - 4*w**2 - 10*w + 3*w**2. Let v = 422 - 440. Let h be ((-28)/6)/(132/v + 8). What is l(h)?
10
Let f(k) = k**3 + 2*k**2 - k. Let g(x) be the first derivative of -3*x**2/2 - 11*x - 1. Suppose 172 = -626*i + 583*i. Let w be g(i). Determine f(w).
2
Let m(q) = -26 - q - 61 + 96. Suppose -32 = -4*a + 2*o, a + 3*o = -8 + 2. Give m(a).
3
Let p(u) = 10*u**2 + 19*u + 1. Let s(r) = 14*r**2 + 21*r. Let b(w) = -4*p(w) + 3*s(w). Let j = 6 + 1. Let l be b(j). Let c(m) = -2*m + 3. Calculate c(l).
-3
Let z(d) = d*